111133 (base 4) to base 10.
4658527
435446 (base 8) to base 11
9a942
What is 103020120112 (base 4) in base 3?
100102210101001
Convert -1b217d (base 16) to base 15.
-251c65
What is -100122010122 (base 3) in base 16?
-2e4c6
Convert 3a68695 (base 11) to base 4.
122302332011
1528bd (base 15) to base 5
230134403
-582630 (base 9) to base 12
-14a460
-2241111210 (base 5) to base 9
-10400473
Convert 1231232333 (base 4) to base 3.
211211120002
Convert b364c (base 13) to base 8.
1164460
Convert 410301 (base 7) to base 9.
115640
Convert 99d153 (base 14) to base 10.
5222101
What is -24111030 (base 6) in base 13?
-206028
Convert -3570771 (base 8) to base 9.
-1752486
Convert -86739a (base 11) to base 2.
-101010010011000111011
-5a5a07 (base 12) to base 9
-2666847
12210020012212 (base 3) to base 10
3075080
Convert -10410 (base 6) to base 2.
-10110100110
-9a6cd3 (base 14) to base 10
-5243577
What is -14113142 (base 5) in base 14?
-3aaa9
What is 22201332120 (base 4) in base 11?
1616097
Convert -3628222 (base 9) to base 6.
-110101545
What is -101021331203 (base 4) in base 8?
-21117543
-1713070 (base 8) to base 13
-14540a
Convert -101000111100111000 (base 2) to base 16.
-28f38
What is 25475057 (base 9) in base 8?
57557443
-14012403 (base 6) to base 13
-1352a6
164206 (base 11) to base 2
111110001000000101
What is -1110001001201 (base 3) in base 15?
-102a27
What is -3033a5 (base 13) in base 14?
-2127d6
b908 (base 12) to base 7
113135
Convert -41b3 (base 14) to base 11.
-856a
What is 22120110102 (base 3) in base 12?
81792
Convert -1221566 (base 7) to base 2.
-100110010000011101
-241140 (base 5) to base 4
-2023120
What is 71289c (base 15) in base 14?
9dcb2b
Convert 28355 (base 14) to base 16.
18477
What is 15027143 (base 9) in base 5?
3402133034
Convert a97ae (base 15) to base 4.
2003123330
What is 45b236 (base 16) in base 5?
2132130411
Convert -21267 (base 14) to base 13.
-2a595
What is -3b802a (base 12) in base 13?
-287ba8
What is -2c04a7 (base 13) in base 11?
-682032
Convert -283b62 (base 16) to base 15.
-371362
15382385 (base 9) to base 8
35207443
1234465 (base 7) to base 16
27151
Convert 377203 (base 9) to base 7.
1640502
-220123022102 (base 4) to base 10
-10597010
Convert 2032463 (base 12) to base 8.
27021413
Convert -1440021023 (base 5) to base 9.
-7176084
Convert 1010110110010100010010 (base 2) to base 14.
5405b4
Convert -8c6513 (base 13) to base 15.
-45ac2e
-16547 (base 12) to base 8
-76207
-2020124104 (base 5) to base 15
-555254
2c3188 (base 13) to base 11
686640
What is -52140764 (base 8) in base 6?
-1033014152
What is -186c98 (base 13) in base 11?
-390167
Convert -11194535 (base 10) to base 8.
-52550247
Convert -3401423 (base 7) to base 13.
-11966c
127936 (base 11) to base 6
4145310
Convert -129043 (base 10) to base 4.
-133200103
27ac2a (base 13) to base 7
11133631
111233122 (base 5) to base 16
78570
What is -13111312 (base 5) in base 14?
-34dd3
-2461a8 (base 13) to base 6
-30353131
944390 (base 10) to base 2
11100110100100000110
d6870 (base 14) to base 13
151748
What is -23022040 (base 7) in base 16?
-1e9a2d
-1001010001011001001 (base 2) to base 9
-512674
What is 16039 (base 11) in base 15?
6ab4
-212210323112 (base 4) to base 14
-14b3578
Convert -4185356 (base 9) to base 7.
-25023141
Convert 3669a (base 13) to base 3.
12002011221
-22401 (base 11) to base 9
-48432
-325b7d (base 14) to base 3
-10012200120222
Convert -25b772 (base 14) to base 2.
-100111101001110111000
-41b260 (base 13) to base 5
-343211231
Convert -265516 (base 7) to base 6.
-1023241
What is -13517153 (base 8) in base 14?
-5975b5
What is c5560 (base 14) in base 13?
138732
-228852 (base 11) to base 8
-1305061
What is 10152a (base 11) in base 13?
5927c
What is -2000045 (base 6) in base 5?
-10441331
Convert 54421200 (base 7) to base 10.
4660782
What is -1403242 (base 7) in base 9?
-313164
-1a294a (base 11) to base 15
-62361
7700503 (base 8) to base 2
111111000000101000011
2862c4 (base 15) to base 3
10122210112111
What is -1736807 (base 9) in base 8?
-3545430
What is -263772 (base 9) in base 2?
-100111001000011011
What is -121121000201020 (base 3) in base 7?
-134645631
Convert 7633438 (base 9) to base 8.
17501142
Convert 10201031200 (base 4) to base 6.
41220144
Convert -769fe (base 16) to base 8.
-1664776
-14104402 (base 5) to base 10
-144352
Convert -12772 (base 11) to base 15.
-5604
Convert -17faf5 (base 16) to base 12.
-639585
Convert -1110231130 (base 4) to base 10.
-346972
Convert -120222000011 (base 3) to base 6.
-10422351
What is fba6 (base 16) in base 13?
23427
Convert -21472 (base 16) to base 2.
-100001010001110010
-45460 (base 10) to base 7
-246352
What is 3a26011 (base 11) in base 3?
111002201201101
Convert -406022 (base 11) to base 9.
-1203602
13133014 (base 5) to base 11
89a61
Convert -71333 (base 11) to base 9.
-167856
Convert 7cbdc (base 14) to base 7.
2404565
What is 2b0 (base 16) in base 14?
372
Convert -111532005 (base 6) to base 7.
-23263652
What is -43ef1c (base 16) in base 13?
-bcb5c1
11112212200 (base 3) to base 12
43a09
Convert -a3823 (base 12) to base 7.
-1550046
What is -10100101100100111 (base 2) in base 12?
-41087
2222133 (base 5) to base 12
1a717
-4155691 (base 12) to base 9
-25135661
-86d3d5 (base 15) to base 16
-6203cc
746182 (base 9) to base 11
283742
What is -38a1060 (base 11) in base 6?
-400410054
Convert 176090 (base 13) to base 3.
1002200210212
Convert b3b1b3 (base 12) to base 5.
1210144042
-434896 (base 11) to base 13
-1b417c
What is 1210200112120 (base 3) in base 13?
277254
Convert -11101011011110000100 (base 2) to base 16.
-eb784
Convert 4a59b7 (base 14) to base 4.
21232310331
-20212115 (base 7) to base 11
-a50111
What is -2042100020 (base 5) in base 13?
-b5bb63
bb71a (base 16) to base 3
1110000011221
Convert 172378 (base 10) to base 3.
22202110101
Convert -2604664 (base 8) to base 10.
-723380
Convert -11770b (base 16) to base 2.
-100010111011100001011
1141730 (base 10) to base 15
178455
1240453 (base 7) to base 12
79291
Convert -200241034 (base 5) to base 16.
-c0e80
What is 14b1 (base 13) in base 7?
11540
What is a5b4b (base 16) in base 14?
1394cb
458658 (base 10) to base 3
212022011100
What is 107887 (base 11) in base 6?
3401355
Convert -13940 (base 14) to base 16.
-bd54
What is 584381 (base 12) in base 2?
101011010000100010001
What is -56cb7 (base 13) in base 2?
-100110100111010101
Convert -101000101100110000 (base 2) to base 6.
-3323440
116963 (base 10) to base 15
249c8
What is -10200121210120 (base 3) in base 15?
-28aee3
Convert 3755253 (base 8) to base 13.
2a4c07
Convert 71382 (base 11) to base 5.
11314041
What is 1760c3 (base 14) in base 13?
22aa03
-1765462 (base 10) to base 9
-3280674
Convert 502241 (base 7) to base 6.
1452452
-2359d40 (base 14) to base 15
-173a034
3461746 (base 8) to base 14
1a798a
-8780 (base 11) to base 10
-11583
Convert -399b02 (base 13) to base 8.
-5237662
What is 28323b9 (base 13) in base 14?
198d8ca
What is -345045052 (base 6) in base 4?
-120122003120
What is -54101304 (base 7) in base 13?
-c5341b
What is 103040231 (base 5) in base 2?
1101011011100000010
Convert -23569a (base 13) to base 3.
-1120200210202
What is 1285c76 (base 13) in base 9?
11836158
What is -531111 (base 9) in base 5?
-40100443
-42136266 (base 8) to base 5
-4243224311
What is 332d9b (base 14) in base 4?
12220002331
Convert -57440 (base 14) to base 2.
-110011110010100000
Convert -2fe7b (base 16) to base 15.
-3d214
What is 651035 (base 7) in base 16?
1ba40
What is -132304012 (base 5) in base 8?
-2425024
What is -1c09a5 (base 13) in base 16?
-aeba1
What is -11220213112 (base 4) in base 10?
-1477078
d2908 (base 16) to base 7
10221332
Convert 94044 (base 15) to base 7.
3662620
202442024 (base 6) to base 10
3489280
2120010201 (base 3) to base 10
50401
Convert 123857 (base 10) to base 11.
85068
Convert 3334a (base 12) to base 5.
4133012
Convert 2700ef (base 16) to base 3.
11210212100222
Convert 1221211201 (base 3) to base 7.
220210
Convert a1d44 (base 15) to base 3.
222001011201
What is 10b633a (base 14) in base 6?
442450304
What is -47b9 (base 13) in base 3?
-111212221
Convert -78506 (base 9) to base 16.
-cbca
12121001222022 (base 3) to base 7
34163210
What is -111322313 (base 4) in base 5?
-10333113
-4513516 (base 7) to base 10
-558319
34332033 (base 5) to ba